List the prime factors of o.
2, 3
Let c(f) = 102*f - 4 + 126*f + 12 + 0*f. List the prime factors of c(4).
2, 5, 23
Suppose -3*c - 3*r + 130083 = 0, 63*c + 4*r = 66*c - 130125. List the prime factors of c.
17, 2551
List the prime factors of 158568/44 + (-20)/(-110).
2, 17, 53
Suppose -746*b - 5144 = -747*b. List the prime factors of b.
2, 643
Let b(v) = 97*v + 32. Let c be b(-6). List the prime factors of 7/((-210)/c) + (-4)/(-6).
19
Let k = -7419 + 9735. List the prime factors of k.
2, 3, 193
Suppose 9*a - 136*a + 984432 + 334336 = 0. What are the prime factors of a?
2, 11, 59
Suppose -26*c + 38 = -92. Suppose -5*z + 1860 = -3*k - 1485, -3325 = -c*z - k. List the prime factors of z.
2, 3, 37
Suppose 0 = -5*r + 3*a - 648, -3*a + 0 = 12. What are the prime factors of ((-589)/76)/(1/r)?
3, 11, 31
Let p = 30738 - -427. What are the prime factors of p?
5, 23, 271
Suppose 0 = 96*h - 8142760 + 703816. What are the prime factors of h?
77489
Suppose -1755718 = -151*m + 1271077. List the prime factors of m.
5, 19, 211
Suppose 0 = -3*s - s + 20. Let l(v) = v**3 - 3*v**2 - 13*v + 10. Let z be l(s). What are the prime factors of ((3625/10)/z)/(1/(-2))?
5, 29
Suppose -2*c = 3*c + 1875. Let a = c + 996. Suppose -3*n + 2*g + 464 = -2*g, -4*n + a = -3*g. List the prime factors of n.
2, 3, 13
Let b(z) = -2*z**3 - 3*z - 5. Let u = -51 - -49. Let s be b(u). Suppose 13*j - s*j = -44. What are the prime factors of j?
11
Let n(p) be the second derivative of p**4/3 + p**3 + 17*p**2 - p + 1. What are the prime factors of n(-9)?
2, 19
Let o(r) = 172*r**3 - 20*r**2 - 15*r + 59. What are the prime factors of o(5)?
2, 43, 61
Let i be 4/(-6) - (-7)/(21/2). Suppose i = 12*r + 4*r - 14064. List the prime factors of r.
3, 293
Suppose -2*c + 4*d + 1 = 5, 1 = -4*c + d. Suppose c*x + 9*x - 3609 = 0. List the prime factors of x.
401
Suppose 13*k - 44 - 21 = 0. Suppose -k*j + 14 = 4. Suppose q = j - 5, -w + 10 = 3*q. List the prime factors of w.
19
Let q(s) be the third derivative of s**5/60 - 5*s**3/3 + 22*s**2. Let c be q(-3). What are the prime factors of c*2*327/(-6)?
109
List the prime factors of ((-6156)/(-24))/(145/(-150) - -1).
3, 5, 19
Let h be 0 - (-1727)/3 - (-8)/(-12). Suppose 11*a - 12*a + 575 = -2*f, -4*f = -a + h. What are the prime factors of a?
5, 23
Let x = -24510 + 37079. What are the prime factors of x?
12569
Suppose -4*a - t + 17 = -5*a, -5*a = 2*t + 64. Let k be a/(-4) + 3/6. Suppose -437 = -0*v - 5*v - k*h, 0 = -4*v - 5*h + 346. List the prime factors of v.
89
Suppose -5*a + 69 = 5*l + 24, -5*a - 3*l + 45 = 0. Suppose -a*w + 1057 = -3128. What are the prime factors of w?
3, 5, 31
Let t = 102610 + -61374. List the prime factors of t.
2, 13, 61
Let w(c) = -16695*c + 168. List the prime factors of w(-2).
2, 3, 7, 17, 47
Let k = 10 - 3. Suppose -5 = -6*i + k. Suppose -i*f = -4*f - 5*j + 314, -4*f + 658 = -5*j. What are the prime factors of f?
2, 3
List the prime factors of (-3 + 14012 - -3)/(-3*4/(-24)).
2, 31, 113
Let g be (1 - (-3 - -5))*(1 - 0). Let o = -9 - g. Let h = o + 79. What are the prime factors of h?
71
Let m be ((-3)/2)/(0 - 2/12). Suppose -3*k = -0*k - m, -3*l - 3*k = -567. List the prime factors of l.
2, 3, 31
Let k(t) = 67*t + 28*t**2 - 6 - 94*t + 23. What are the prime factors of k(6)?
863
Let c(g) = -g**3 + 12*g**2 + g - 14. Let v be c(12). Let t(m) be the third derivative of -m**4 - 13*m**2. What are the prime factors of t(v)?
2, 3
Let k(o) = 1864*o - 3876. List the prime factors of k(23).
2, 9749
Let p(b) = b**2 - 3*b - 6. Let k be p(6). Let i(u) = u**2 + 5*u - 21. Let t be i(k). Suppose 665 = 8*w - t. List the prime factors of w.
2, 53
Suppose -4*b - 5*l = -9230, -b - 2*l + 662 = -1647. Suppose 0 = -52*u + 47*u + b. List the prime factors of u.
461
Let s = 721 - 138. List the prime factors of s + 1 + 90/15.
2, 5, 59
Let y = 47 + -130. Let k = -87 - y. List the prime factors of 5/5 + (60 - k).
5, 13
Let n(l) be the second derivative of 0 + 4*l + 3*l**2 + 1/2*l**3 + 1/12*l**4. What are the prime factors of n(-6)?
2, 3
Suppose -5*i + 36 = -3*t + 2*t, -5*t - 270 = 5*i. Let o be (-3)/((-1 - -2)/t). Suppose -u + 5*s + 11 = -o, -5*u + 780 = -5*s. List the prime factors of u.
2, 7, 11
Let y be ((-186)/15 + 2)*-20. Suppose 5*l - 560 = 9*l. Let h = y + l. What are the prime factors of h?
2, 17
Let c(p) = -2*p**2 + 23*p - 32. Let z be c(-28). Let w = z + 3294. List the prime factors of w.
2, 3, 5, 7
Let z = -38 - -182. Suppose 3*f = 41 + 43. Let o = z - f. List the prime factors of o.
2, 29
Suppose 0 = -116*c + 28*c - 112*c + 2786400. What are the prime factors of c?
2, 3, 43
Let u = 6368 - 3243. What are the prime factors of u?
5
List the prime factors of ((-530)/35)/((-35)/(395430/12)).
53, 269
Suppose -3*o = 812*k - 811*k - 9126, 0 = 4*k - 3*o - 36594. List the prime factors of k.
2, 3, 127
Let o(m) be the third derivative of m**4/8 + 13*m**3/2 + 39*m**2. Let i be o(-9). What are the prime factors of 166/i - 9/(-54)?
2, 7
Suppose 0*a - 4*a = -4*p + 47076, 4*a = -8. Suppose -3597 = 10*j - p. List the prime factors of j.
19, 43
Suppose 7 = g, 0 = -l - 2*g + 18882 - 3022. What are the prime factors of l?
2, 3, 19, 139
Let a(b) = 23*b + 69. Let w(n) = 72*n + 208. Let v(j) = -7*a(j) + 2*w(j). List the prime factors of v(-38).
3, 193
What are the prime factors of 24560/32*(4 - (-168)/20)?
31, 307
What are the prime factors of (-3 - 99/(-9)) + 6198?
2, 29, 107
Let d = 28 + -28. What are the prime factors of d - -5 - (-545 + -1)?
19, 29
Let m(k) be the first derivative of 6 - 13*k + 1/3*k**3 - 3*k**2. What are the prime factors of m(12)?
59
Let z be (18 - 0/(-2))*5. Let a be (-86)/344 - (-430)/(-8). Let h = z + a. What are the prime factors of h?
2, 3
Let p(h) be the third derivative of -h**6/120 - h**5/20 - h**4/24 + 2*h**3 - 5*h**2 + 2. What are the prime factors of p(-6)?
2, 3, 7
What are the prime factors of (6288396/3129)/(((-2)/(-49))/1)?
2, 7, 3517
Let h = 393 - 229. Let x = h - -8. What are the prime factors of x?
2, 43
What are the prime factors of (-23 + 22)/((-7)/139223)?
19889
Suppose -9*b + 7*b = -820. Suppose -4*t + b = 2*s - 40, 0 = 2*s - 3*t - 422. Suppose 5*i = -z + s, 3 = -i + 1. What are the prime factors of z?
227
Suppose h = 2*d - d - 1, 4*d - 25 = -3*h. Suppose 557 = 3*l - j, -3*l + 5*l + d*j - 362 = 0. What are the prime factors of l?
5, 37
Let t = -97 + 127. Let z = t - -19. Suppose z*m + 324 = 51*m. List the prime factors of m.
2, 3
Suppose -645 = -0*f + 3*f. Suppose 0 = -8*t - 606 - 170. Let l = t - f. What are the prime factors of l?
2, 59
Suppose 18*m = 7216 + 7544. Let o = m + -540. What are the prime factors of o?
2, 5, 7
What are the prime factors of (-3 + (-29340)/8)/(34/40 - 1)?
2, 5, 2447
Let k = 43 + -36. Let p(j) = 30*j - 17. Let h be p(8). Suppose 2*b + k = h. What are the prime factors of b?
2, 3
Let x = -37 + 21. Let f(u) = -2 - 5*u**3 - 25*u - 17*u**2 + 6*u - 13 + 4*u**3. What are the prime factors of f(x)?
3, 11
Let f(i) = 6*i - 2. Let h be f(10). Let c = h - 55. Suppose 3*q = 2*d - d + 101, 3*q = c*d + 105. What are the prime factors of q?
3, 11
Let d = 3212 + -1918. Suppose -6*s + 4*v + d = -4*s, 4*v = -5*s + 3263. List the prime factors of s.
3, 7, 31
Let w = 59 + -57. Suppose -4*a = 6*v - 4*v - 2, -3*v - w*a + 11 = 0. Suppose -c = v, -615 = -2*j - 3*j - c. What are the prime factors of j?
2, 31
Let q(w) = -2*w**3 + 8*w**2 - 2*w - 9. Let z be q(6). What are the prime factors of 5/((-55)/(-5073)) + 30/z?
461
Let x = -9974 + 10709. List the prime factors of x.
3, 5, 7
Suppose 40*o - 48 = 38*o. Suppose -47*p = -51*p + o. Suppose -g = p*g - 532. List the prime factors of g.
2, 19
Let g be (-2259)/(-2)*(-80)/(-60). Let m = g + -693. What are the prime factors of m?
3, 271
Let j(t) be the third derivative of -1/120*t**6 + 0 - 1/24*t**4 + 10/3*t**3 - 1/60*t**5 + 0*t + 3*t**2. What are the prime factors of j(0)?
2, 5
Let j(w) = -16*w**3 - 7*w**2 + 26*w + 165. What are the prime factors of j(-5)?
2, 3, 5, 31
Let j(r) = r + 17. Let s be j(-13). Suppose s = -6*i - 20. What are the prime factors of 16 + i/2*(-1)/(-2)?
3, 5
Suppose 0 = -d - 3*r + 17065, -2*r - 1516 = d - 18576. List the prime factors of d.
2, 5, 11, 31
Let q = 40 + -56. Let t be 4/(-6)*6*84/q. What are the prime factors of ((-51)/(-6))/(-1 + t/18)?
3, 17